    {"id":99,"date":"2020-03-25T09:32:03","date_gmt":"2020-03-25T08:32:03","guid":{"rendered":"http:\/\/bsdrs.org\/?page_id=99"},"modified":"2020-04-28T18:49:27","modified_gmt":"2020-04-28T16:49:27","slug":"vos-avis","status":"publish","type":"page","link":"https:\/\/bsdrs.org\/index.php\/vos-avis\/","title":{"rendered":"Vos avis"},"content":{"rendered":"\n\n\n\n\n<div class=\"gwolle-gb\"><div class=\"gwolle_gb_messages_top_container\"><\/div>\n\t\t\t<div class=\"gwolle-gb-write-button\">\n\t\t\t\t<input type=\"button\" name=\"gwolle-gb-write-button\" class=\"button btn btn-default \" value=\"&raquo; \u00c9crire un nouveau message.\" \/>\n\t\t\t<\/div>\n\t\t\t<form action=\"#\" method=\"POST\" class=\"gwolle-gb-write gwolle-gb-hide gwolle-gb-float gwolle_gb_form_ajax gwolle-gb-form-ajax\">\n\t\t\t\t<h3>\u00c9crivez un nouveau message dans le livre d&#39;or<\/h3>\n\t\t\t\t<button type=\"button\" class=\"gb-notice-dismiss\">x<span class=\"screen-reader-text\">Masquer ce formulaire.<\/span><\/button>\n\t\t\t\n\t\t\t\t<input type=\"hidden\" name=\"gwolle_gb_function\" class=\"gwolle_gb_function\" value=\"add_entry\" \/><input type=\"hidden\" name=\"gwolle_gb_book_id\" class=\"gwolle_gb_book_id\" value=\"1\" \/><div class=\"gwolle_gb_43ead3185be9f5b92893683e0671433f\">\n\t\t\t\t<div class=\"label\"><label for=\"gwolle_gb_43ead3185be9f5b92893683e0671433f\" class=\"text-info\">Nom *<\/label><\/div>\n\t\t\t\t<div class=\"input\"><input class=\"wp-exclude-emoji gwolle_gb_43ead3185be9f5b92893683e0671433f\" value=\"\" type=\"text\" name=\"gwolle_gb_43ead3185be9f5b92893683e0671433f\" placeholder=\"Nom\" required \/><\/div>\n\t\t\t<\/div>\n\t\t\t<div class=\"clearBoth\">&nbsp;<\/div><div class=\"gwolle_gb_01275c7fdaca26aab2f687c21657ccd1\">\n\t\t\t\t\t<div class=\"label\"><label for=\"gwolle_gb_01275c7fdaca26aab2f687c21657ccd1\" class=\"text-info\">Ville<\/label><\/div>\n\t\t\t\t\t<div class=\"input\"><input class=\"wp-exclude-emoji gwolle_gb_01275c7fdaca26aab2f687c21657ccd1\" value=\"\" type=\"text\" name=\"gwolle_gb_01275c7fdaca26aab2f687c21657ccd1\" placeholder=\"Ville\" \/><\/div>\n\t\t\t\t<\/div>\n\t\t\t\t<div class=\"clearBoth\">&nbsp;<\/div><div class=\"gwolle_gb_46d15dc528194d3eab67f4cf6a7b2d4b\">\n\t\t\t\t<div class=\"label\"><label for=\"gwolle_gb_46d15dc528194d3eab67f4cf6a7b2d4b\" class=\"text-info\">E-mail *<\/label><\/div>\n\t\t\t\t<div class=\"input\"><input class=\"gwolle_gb_46d15dc528194d3eab67f4cf6a7b2d4b\" value=\"\" type=\"email\" name=\"gwolle_gb_46d15dc528194d3eab67f4cf6a7b2d4b\" placeholder=\"E-mail\"  required \/><\/div>\n\t\t\t<\/div>\n\t\t\t<div class=\"clearBoth\">&nbsp;<\/div><div class=\"gwolle_gb_bb93175ce737e8db01fc43784bbabeb2\">\n\t\t\t\t<div class=\"label\"><label for=\"gwolle_gb_bb93175ce737e8db01fc43784bbabeb2\" class=\"text-info\">Site web<\/label><\/div>\n\t\t\t\t<div class=\"input\"><input class=\"gwolle_gb_bb93175ce737e8db01fc43784bbabeb2\" value=\"\" type=\"url\" name=\"gwolle_gb_bb93175ce737e8db01fc43784bbabeb2\" placeholder=\"Site web\"  \/><\/div>\n\t\t\t<\/div>\n\t\t\t<div class=\"clearBoth\">&nbsp;<\/div>\n\t\t\t<div class=\"gwolle_gb_d01454acef2913326175fe92fc6787c8\" style=\"display:none;\">\n\t\t\t\t<div class=\"label\">\n\t\t\t\t\t<label for=\"gwolle_gb_d01454acef2913326175fe92fc6787c8\" class=\"text-primary\">Ne touchez pas \u00e0 ceci<\/label>\n\t\t\t\t\t<label for=\"gwolle_gb_f352ce84933d39858851079178643df2\" class=\"text-primary\">Ne touchez pas \u00e0 ceci<\/label>\n\t\t\t\t<\/div>\n\t\t\t\t<div class=\"input\">\n\t\t\t\t\t<input value=\"11\" type=\"text\" name=\"gwolle_gb_d01454acef2913326175fe92fc6787c8\" class=\"gwolle_gb_d01454acef2913326175fe92fc6787c8\" placeholder=\"\" \/>\n\t\t\t\t\t<input value=\"\" type=\"text\" name=\"gwolle_gb_f352ce84933d39858851079178643df2\" class=\"gwolle_gb_f352ce84933d39858851079178643df2\" placeholder=\"\" \/>\n\t\t\t\t<\/div>\n\t\t\t<\/div>\n\t\t\t<div class=\"clearBoth\"><\/div>\n\t\t\t<div class=\"gwolle_gb_e42f49a0341c81c8ee36e29d9ddcbbee\" style=\"display:none;\">\n\t\t\t\t<div class=\"label\">\n\t\t\t\t\t<label for=\"gwolle_gb_e42f49a0341c81c8ee36e29d9ddcbbee\" class=\"text-primary\">Ne touchez pas \u00e0 ceci<\/label>\n\t\t\t\t\t<label for=\"gwolle_gb_ae49c31f958922980a11410c6e3f34ee\" class=\"text-primary\">Ne touchez pas \u00e0 ceci<\/label>\n\t\t\t\t<\/div>\n\t\t\t\t<div class=\"input\">\n\t\t\t\t\t<input value=\"1878\" type=\"text\" name=\"gwolle_gb_e42f49a0341c81c8ee36e29d9ddcbbee\" class=\"gwolle_gb_e42f49a0341c81c8ee36e29d9ddcbbee\" placeholder=\"\" \/>\n\t\t\t\t\t<input value=\"1878\" type=\"text\" name=\"gwolle_gb_ae49c31f958922980a11410c6e3f34ee\" class=\"gwolle_gb_ae49c31f958922980a11410c6e3f34ee\" placeholder=\"\" \/>\n\t\t\t\t<\/div>\n\t\t\t<\/div>\n\t\t\t<div class=\"clearBoth\"><\/div><div class=\"gwolle_gb_content\">\n\t\t\t\t<div class=\"label\"><label for=\"gwolle_gb_content\" class=\"text-info\">Message du livre d&#039;or *<\/label><\/div>\n\t\t\t\t<div class=\"input\"><textarea name=\"gwolle_gb_content\" class=\"gwolle_gb_content wp-exclude-emoji\" placeholder=\"Message du livre d&#039;or\"  required ><\/textarea><\/div>\n\t\t\t\t<\/div>\n\t\t\t<div class=\"clearBoth\">&nbsp;<\/div><input type=\"hidden\" class=\"gwolle_gb_4eb376ea283e6215c6968fef1ed71295\" name=\"gwolle_gb_4eb376ea283e6215c6968fef1ed71295\" value=\"06b0e860de\" \/>\n\t\t\t<div class=\"gwolle_gb_messages_bottom_container\"><\/div>\n\n\t\t\t<noscript><div class=\"no-js\">Avertissement\u00a0: Ce formulaire ne peut \u00eatre utilis\u00e9 que si JavaScript est activ\u00e9 dans votre navigateur.<\/div><\/noscript>\n\n\t\t\t<div class=\"gwolle_gb_submit\">\n\t\t\t\t<div class=\"label gwolle-gb-invisible text-muted\">&nbsp;<\/div>\n\t\t\t\t<div class=\"input\">\n\t\t\t\t\t<input type=\"submit\" name=\"gwolle_gb_submit\" class=\"gwolle_gb_submit button btn btn-primary \" value=\"Envoyer\" \/>\n\t\t\t\t\t<span class=\"gwolle_gb_submit_ajax_icon\"><\/span>\n\t\t\t\n\t\t\t\t<\/div>\n\t\t\t<\/div>\n\t\t\t<div class=\"clearBoth\">&nbsp;<\/div>\n\n\t\t\t<div class=\"gwolle_gb_notice\">\n\t\t\t\tLes champs marqu\u00e9s avec un * sont obligatoires.<br \/>\r\nVotre adresse e-mail ne sera pas publi\u00e9e.<br \/>\r\nIl se pourrait que votre message n\u2019apparaisse dans le livre d\u2019or qu\u2019apr\u00e8s que nous l\u2019ayons v\u00e9rifi\u00e9.<br \/>\r\nNous nous r\u00e9servons le droit de modifier, de supprimer, ou de ne pas publier les messages.\n\t\t\t<\/div><\/form><div class=\"gwolle-gb-read \" data-book_id=\"1\"><div id=\"gwolle-gb-total\">9 messages.<\/div><!-- Gwolle-GB Entry: Default Template Loaded -->\n\t\t\t\t<div class=\"gb-entry gb-entry_10 gb-entry-count_1 gwolle_gb_uneven gwolle-gb-uneven gwolle_gb_first gwolle-gb-first\">\n\t\t\t\t<article>\n\t\t\t\t\t<div class=\"gb-author-info\">\n\t\t\t\t\t\t<span class=\"gb-author-avatar\"><img referrerpolicy=\"no-referrer\" alt='Jauniau' src='https:\/\/secure.gravatar.com\/avatar\/076b931d6f517dafa782e06ecda27749297c3682415dbdf09c99f15f4450d5a9?s=32&#038;d=mm&#038;r=g' srcset='https:\/\/secure.gravatar.com\/avatar\/076b931d6f517dafa782e06ecda27749297c3682415dbdf09c99f15f4450d5a9?s=64&#038;d=mm&#038;r=g 2x' class='avatar avatar-32 photo' height='32' width='32' \/><\/span>\n\t\t\t\t\t\t<span class=\"gb-author-name\">Jauniau\n\t\t\t\t\t\t<\/span>\n\t\t\t\t\t\t<span class=\"gb-author-origin\"> de Ecaussinnes<\/span>\n\t\t\t\t\t\t<span class=\"gb-datetime\">\n\t\t\t\t\t\t\t<span class=\"gb-date\"> a \u00e9crit le 28 avril 2020<\/span><span class=\"gb-time\"> \u00e0 17 h 46 min<\/span>:\n\t\t\t\t\t\t<\/span> \n\t\t\t\t\t<\/div>\n\t\t\t\t\t<div class=\"gb-entry-content\">5\u00e9me \u00e9pisode, je  suis contente de lire les r\u00e9sum\u00e9s, car une semaine pour moi c&#039;est long,,mais ce 5 \u00e9me \u00e9pisode me plait car , les personnages me reviennent vite en m\u00e9moire , comme toujours j&#039;attends la suite avec plaisir . Merci\n\t\t\t\t\t<\/div>\n\t\t\t\t<\/article>\n\t\t\t<\/div>\n\t\t\t<div class=\"gb-entry gb-entry_9 gb-entry-count_2 gwolle_gb_even gwolle-gb-even\">\n\t\t\t\t<article>\n\t\t\t\t\t<div class=\"gb-author-info\">\n\t\t\t\t\t\t<span class=\"gb-author-avatar\"><img referrerpolicy=\"no-referrer\" alt='Suzanne Nys' src='https:\/\/secure.gravatar.com\/avatar\/14be139fa75cefa2c5d164316501fd4b4b2ebe9319380aeca33cee3e49d475ff?s=32&#038;d=mm&#038;r=g' srcset='https:\/\/secure.gravatar.com\/avatar\/14be139fa75cefa2c5d164316501fd4b4b2ebe9319380aeca33cee3e49d475ff?s=64&#038;d=mm&#038;r=g 2x' class='avatar avatar-32 photo' height='32' width='32' \/><\/span>\n\t\t\t\t\t\t<span class=\"gb-author-name\">Suzanne Nys\n\t\t\t\t\t\t<\/span>\n\t\t\t\t\t\t<span class=\"gb-author-origin\"> de Nivelles<\/span>\n\t\t\t\t\t\t<span class=\"gb-datetime\">\n\t\t\t\t\t\t\t<span class=\"gb-date\"> a \u00e9crit le 22 avril 2020<\/span><span class=\"gb-time\"> \u00e0 23 h 49 min<\/span>:\n\t\t\t\t\t\t<\/span> \n\t\t\t\t\t<\/div>\n\t\t\t\t\t<div class=\"gb-entry-content\">D ordinaire , je ne &#034; suis&#034; pas tr\u00e8s roman &#034;policier&#034; pourtant ce roman qui s appuie sur un fait r\u00e9el Covid 19, me pla\u00eet beaucoup ..D autant plus qu au fil des \u00e9pisodes , les \u00e9v\u00e9nements laissent appara\u00eetre des informations peu ordinaires .\n\t\t\t\t\t<\/div>\n\t\t\t\t<\/article>\n\t\t\t<\/div>\n\t\t\t<div class=\"gb-entry gb-entry_7 gb-entry-count_3 gwolle_gb_uneven gwolle-gb-uneven\">\n\t\t\t\t<article>\n\t\t\t\t\t<div class=\"gb-author-info\">\n\t\t\t\t\t\t<span class=\"gb-author-avatar\"><img referrerpolicy=\"no-referrer\" alt='Suzanne Nys' src='https:\/\/secure.gravatar.com\/avatar\/14be139fa75cefa2c5d164316501fd4b4b2ebe9319380aeca33cee3e49d475ff?s=32&#038;d=mm&#038;r=g' srcset='https:\/\/secure.gravatar.com\/avatar\/14be139fa75cefa2c5d164316501fd4b4b2ebe9319380aeca33cee3e49d475ff?s=64&#038;d=mm&#038;r=g 2x' class='avatar avatar-32 photo' height='32' width='32' \/><\/span>\n\t\t\t\t\t\t<span class=\"gb-author-name\">Suzanne Nys\n\t\t\t\t\t\t<\/span>\n\t\t\t\t\t\t<span class=\"gb-author-origin\"> de Nivelles<\/span>\n\t\t\t\t\t\t<span class=\"gb-datetime\">\n\t\t\t\t\t\t\t<span class=\"gb-date\"> a \u00e9crit le 19 avril 2020<\/span><span class=\"gb-time\"> \u00e0 11 h 19 min<\/span>:\n\t\t\t\t\t\t<\/span> \n\t\t\t\t\t<\/div>\n\t\t\t\t\t<div class=\"gb-entry-content\">J \u2019 avais appr\u00e9ci\u00e9  les 3 \u00e9pisodes pr\u00e9c\u00e9dents,  j\u2019 ai pourtant pr\u00e9f\u00e9r\u00e9 celui -ci ( 4 \u00e8me ), moins de descriptions et plus vivant et accrocheur . \nJ&#039;attends le suivant avec impatience .\n\t\t\t\t\t<\/div>\n\t\t\t\t<\/article>\n\t\t\t<\/div>\n\t\t\t<div class=\"gb-entry gb-entry_6 gb-entry-count_4 gwolle_gb_even gwolle-gb-even\">\n\t\t\t\t<article>\n\t\t\t\t\t<div class=\"gb-author-info\">\n\t\t\t\t\t\t<span class=\"gb-author-avatar\"><img referrerpolicy=\"no-referrer\" alt='Jauniau' src='https:\/\/secure.gravatar.com\/avatar\/076b931d6f517dafa782e06ecda27749297c3682415dbdf09c99f15f4450d5a9?s=32&#038;d=mm&#038;r=g' srcset='https:\/\/secure.gravatar.com\/avatar\/076b931d6f517dafa782e06ecda27749297c3682415dbdf09c99f15f4450d5a9?s=64&#038;d=mm&#038;r=g 2x' class='avatar avatar-32 photo' height='32' width='32' \/><\/span>\n\t\t\t\t\t\t<span class=\"gb-author-name\">Jauniau\n\t\t\t\t\t\t<\/span>\n\t\t\t\t\t\t<span class=\"gb-author-origin\"> de Ecaussinnes<\/span>\n\t\t\t\t\t\t<span class=\"gb-datetime\">\n\t\t\t\t\t\t\t<span class=\"gb-date\"> a \u00e9crit le 15 avril 2020<\/span><span class=\"gb-time\"> \u00e0 20 h 30 min<\/span>:\n\t\t\t\t\t\t<\/span> \n\t\t\t\t\t<\/div>\n\t\t\t\t\t<div class=\"gb-entry-content\">4 \u00e8me  \u00e9pisode aussi  bon  et agr\u00e9able \u00e0 lire avec toujours une envie de conna\u00eetre la fin,\n\n.\n\t\t\t\t\t<\/div>\n\t\t\t\t<\/article>\n\t\t\t<\/div>\n\t\t\t<div class=\"gb-entry gb-entry_5 gb-entry-count_5 gwolle_gb_uneven gwolle-gb-uneven\">\n\t\t\t\t<article>\n\t\t\t\t\t<div class=\"gb-author-info\">\n\t\t\t\t\t\t<span class=\"gb-author-avatar\"><img referrerpolicy=\"no-referrer\" alt='Lognoul' src='https:\/\/secure.gravatar.com\/avatar\/cb946b6e77a3c7119371dfe47c4f4cd728f90efbef01bcb94d7c682b8f80dc32?s=32&#038;d=mm&#038;r=g' srcset='https:\/\/secure.gravatar.com\/avatar\/cb946b6e77a3c7119371dfe47c4f4cd728f90efbef01bcb94d7c682b8f80dc32?s=64&#038;d=mm&#038;r=g 2x' class='avatar avatar-32 photo' height='32' width='32' \/><\/span>\n\t\t\t\t\t\t<span class=\"gb-author-name\">Lognoul\n\t\t\t\t\t\t<\/span>\n\t\t\t\t\t\t<span class=\"gb-author-origin\"> de Rotheux Rimi\u00e8re<\/span>\n\t\t\t\t\t\t<span class=\"gb-datetime\">\n\t\t\t\t\t\t\t<span class=\"gb-date\"> a \u00e9crit le 15 avril 2020<\/span><span class=\"gb-time\"> \u00e0 7 h 09 min<\/span>:\n\t\t\t\t\t\t<\/span> \n\t\t\t\t\t<\/div>\n\t\t\t\t\t<div class=\"gb-entry-content\">Super, je viens de lire le troisi\u00e8me et attends avec impatience  le suivant. La plume m\u00fbrit avec int\u00e9r\u00eat.\n\t\t\t\t\t<\/div>\n\t\t\t\t<\/article>\n\t\t\t<\/div>\n\t\t\t<div class=\"gb-entry gb-entry_4 gb-entry-count_6 gwolle_gb_even gwolle-gb-even\">\n\t\t\t\t<article>\n\t\t\t\t\t<div class=\"gb-author-info\">\n\t\t\t\t\t\t<span class=\"gb-author-avatar\"><img referrerpolicy=\"no-referrer\" alt='Jauniau Christine' src='https:\/\/secure.gravatar.com\/avatar\/076b931d6f517dafa782e06ecda27749297c3682415dbdf09c99f15f4450d5a9?s=32&#038;d=mm&#038;r=g' srcset='https:\/\/secure.gravatar.com\/avatar\/076b931d6f517dafa782e06ecda27749297c3682415dbdf09c99f15f4450d5a9?s=64&#038;d=mm&#038;r=g 2x' class='avatar avatar-32 photo' height='32' width='32' \/><\/span>\n\t\t\t\t\t\t<span class=\"gb-author-name\">Jauniau Christine\n\t\t\t\t\t\t<\/span>\n\t\t\t\t\t\t<span class=\"gb-author-origin\"> de 7190 Ecaussinnes<\/span>\n\t\t\t\t\t\t<span class=\"gb-datetime\">\n\t\t\t\t\t\t\t<span class=\"gb-date\"> a \u00e9crit le 9 avril 2020<\/span><span class=\"gb-time\"> \u00e0 13 h 40 min<\/span>:\n\t\t\t\t\t\t<\/span> \n\t\t\t\t\t<\/div>\n\t\t\t\t\t<div class=\"gb-entry-content\">le 2 \u00e9me  \u00e9pisode me semblait long , celui ci est juste comme, j&#039;aime un bon suspens, \u00e9videmment , il faut revenir en arri\u00e8re et de nouveau se rappeler de ,l&#039;autre \u00e9pisode,car une semaine entre , pour moi c&#039;est plus difficile (l age) donc \u00e0 bient\u00f4t pour la suite .\n\t\t\t\t\t<\/div>\n\t\t\t\t<\/article>\n\t\t\t<\/div>\n\t\t\t<div class=\"gb-entry gb-entry_3 gb-entry-count_7 gwolle_gb_uneven gwolle-gb-uneven\">\n\t\t\t\t<article>\n\t\t\t\t\t<div class=\"gb-author-info\">\n\t\t\t\t\t\t<span class=\"gb-author-avatar\"><img referrerpolicy=\"no-referrer\" alt='Naro' src='https:\/\/secure.gravatar.com\/avatar\/dd2983053f3eda979d77f5fc7938ae2c6bf80d45a4d503b020e7d2adfda48777?s=32&#038;d=mm&#038;r=g' srcset='https:\/\/secure.gravatar.com\/avatar\/dd2983053f3eda979d77f5fc7938ae2c6bf80d45a4d503b020e7d2adfda48777?s=64&#038;d=mm&#038;r=g 2x' class='avatar avatar-32 photo' height='32' width='32' \/><\/span>\n\t\t\t\t\t\t<span class=\"gb-author-name\">Naro\n\t\t\t\t\t\t<\/span>\n\t\t\t\t\t\t<span class=\"gb-author-origin\"> de Havr\u00e9<\/span>\n\t\t\t\t\t\t<span class=\"gb-datetime\">\n\t\t\t\t\t\t\t<span class=\"gb-date\"> a \u00e9crit le 1 avril 2020<\/span><span class=\"gb-time\"> \u00e0 16 h 51 min<\/span>:\n\t\t\t\t\t\t<\/span> \n\t\t\t\t\t<\/div>\n\t\t\t\t\t<div class=\"gb-entry-content\">ce deuxi\u00e8me \u00e9pisode nous tient encore plus en haleine, dommage qu&#039;il faille attendre une semaine, et ce Juan...exactement comme je l&#039;imaginais\nBravo\n\t\t\t\t\t<\/div>\n\t\t\t\t<\/article>\n\t\t\t<\/div>\n\t\t\t<div class=\"gb-entry gb-entry_2 gb-entry-count_8 gwolle_gb_even gwolle-gb-even\">\n\t\t\t\t<article>\n\t\t\t\t\t<div class=\"gb-author-info\">\n\t\t\t\t\t\t<span class=\"gb-author-avatar\"><img referrerpolicy=\"no-referrer\" alt='MAR1' src='https:\/\/secure.gravatar.com\/avatar\/90dba0b90ca958076fd731ea4bb1c12aafdc8fd91d94d64c442dc29c065693fc?s=32&#038;d=mm&#038;r=g' srcset='https:\/\/secure.gravatar.com\/avatar\/90dba0b90ca958076fd731ea4bb1c12aafdc8fd91d94d64c442dc29c065693fc?s=64&#038;d=mm&#038;r=g 2x' class='avatar avatar-32 photo' height='32' width='32' \/><\/span>\n\t\t\t\t\t\t<span class=\"gb-author-name\">MAR1\n\t\t\t\t\t\t<\/span>\n\t\t\t\t\t\t<span class=\"gb-datetime\">\n\t\t\t\t\t\t\t<span class=\"gb-date\"> a \u00e9crit le 30 mars 2020<\/span><span class=\"gb-time\"> \u00e0 14 h 21 min<\/span>:\n\t\t\t\t\t\t<\/span> \n\t\t\t\t\t<\/div>\n\t\t\t\t\t<div class=\"gb-entry-content\">Un super style d&#039;\u00e9criture qui montre la bonne \u00e9ducation de notre auteur favori.\n\nOn se projette facilement dans l&#039;histoire. L&#039;auteur vous y emm\u00e8ne au fil de l&#039;eau et parfois vous vous retrouvez dans la peau du h\u00e9ros mais tr\u00e8s vite et sans vous en rendre compte vous vous retrouvez dans la peau des autres protagonistes.\n\nJ&#039;adore le style. Quelle intrigue.\n\nH\u00e2te de lire la suite et de savoir comment vont \u00e9voluer les choses pour Ari et ...\n\t\t\t\t\t<\/div>\n\t\t\t\t<\/article>\n\t\t\t<\/div>\n\t\t\t<div class=\"gb-entry gb-entry_1 gb-entry-count_9 gwolle_gb_uneven gwolle-gb-uneven\">\n\t\t\t\t<article>\n\t\t\t\t\t<div class=\"gb-author-info\">\n\t\t\t\t\t\t<span class=\"gb-author-avatar\"><img referrerpolicy=\"no-referrer\" alt='Culjkar Marie' src='https:\/\/secure.gravatar.com\/avatar\/ba55429c880d0a691ab06c90289581cab2206c126b6da70bc8243b9245940435?s=32&#038;d=mm&#038;r=g' srcset='https:\/\/secure.gravatar.com\/avatar\/ba55429c880d0a691ab06c90289581cab2206c126b6da70bc8243b9245940435?s=64&#038;d=mm&#038;r=g 2x' class='avatar avatar-32 photo' height='32' width='32' \/><\/span>\n\t\t\t\t\t\t<span class=\"gb-author-name\">Culjkar Marie\n\t\t\t\t\t\t<\/span>\n\t\t\t\t\t\t<span class=\"gb-author-origin\"> de Hagondange<\/span>\n\t\t\t\t\t\t<span class=\"gb-datetime\">\n\t\t\t\t\t\t\t<span class=\"gb-date\"> a \u00e9crit le 27 mars 2020<\/span><span class=\"gb-time\"> \u00e0 14 h 53 min<\/span>:\n\t\t\t\t\t\t<\/span> \n\t\t\t\t\t<\/div>\n\t\t\t\t\t<div class=\"gb-entry-content\">J&#039;ai ador\u00e9 ce 1er chapitre ! Tout y est ! \u00c0 l&#039;heure actuelle \u00e7a glace le sang...\n\t\t\t\t\t<\/div>\n\t\t\t\t<\/article>\n\t\t\t<\/div>\n\t\t\t<\/div><\/div>\n","protected":false},"excerpt":{"rendered":"","protected":false},"author":1,"featured_media":0,"parent":0,"menu_order":0,"comment_status":"closed","ping_status":"closed","template":"","meta":{"footnotes":""},"class_list":["post-99","page","type-page","status-publish","hentry"],"yoast_head":"<!-- This site is optimized with the Yoast SEO plugin v14.6.1 - https:\/\/yoast.com\/wordpress\/plugins\/seo\/ -->\n<title>Vos avis - Roman-feuilleton<\/title>\n<meta name=\"robots\" content=\"index, follow\" \/>\n<meta name=\"googlebot\" content=\"index, follow, max-snippet:-1, max-image-preview:large, max-video-preview:-1\" \/>\n<meta name=\"bingbot\" content=\"index, follow, max-snippet:-1, max-image-preview:large, max-video-preview:-1\" \/>\n<link rel=\"canonical\" href=\"https:\/\/bsdrs.org\/index.php\/vos-avis\/\" \/>\n<meta property=\"og:locale\" content=\"fr_FR\" \/>\n<meta property=\"og:type\" content=\"article\" \/>\n<meta property=\"og:title\" content=\"Vos avis - Roman-feuilleton\" \/>\n<meta property=\"og:url\" content=\"https:\/\/bsdrs.org\/index.php\/vos-avis\/\" \/>\n<meta property=\"og:site_name\" content=\"Roman-feuilleton\" \/>\n<meta property=\"article:publisher\" content=\"https:\/\/www.facebook.com\/aspiceditions\/?modal=admin_todo_tour\" \/>\n<meta property=\"article:modified_time\" content=\"2020-04-28T16:49:27+00:00\" \/>\n<meta name=\"twitter:card\" content=\"summary_large_image\" \/>\n<meta name=\"twitter:creator\" content=\"@AlexHosRomans\" \/>\n<meta name=\"twitter:site\" content=\"@AlexHosRomans\" \/>\n<script type=\"application\/ld+json\" class=\"yoast-schema-graph\">{\"@context\":\"https:\/\/schema.org\",\"@graph\":[{\"@type\":\"WebSite\",\"@id\":\"https:\/\/bsdrs.org\/#website\",\"url\":\"https:\/\/bsdrs.org\/\",\"name\":\"Roman-feuilleton\",\"description\":\"Projet Confinement\",\"potentialAction\":[{\"@type\":\"SearchAction\",\"target\":\"https:\/\/bsdrs.org\/?s={search_term_string}\",\"query-input\":\"required name=search_term_string\"}],\"inLanguage\":\"fr-FR\"},{\"@type\":\"WebPage\",\"@id\":\"https:\/\/bsdrs.org\/index.php\/vos-avis\/#webpage\",\"url\":\"https:\/\/bsdrs.org\/index.php\/vos-avis\/\",\"name\":\"Vos avis - Roman-feuilleton\",\"isPartOf\":{\"@id\":\"https:\/\/bsdrs.org\/#website\"},\"datePublished\":\"2020-03-25T08:32:03+00:00\",\"dateModified\":\"2020-04-28T16:49:27+00:00\",\"inLanguage\":\"fr-FR\",\"potentialAction\":[{\"@type\":\"ReadAction\",\"target\":[\"https:\/\/bsdrs.org\/index.php\/vos-avis\/\"]}]}]}<\/script>\n<!-- \/ Yoast SEO plugin. -->","_links":{"self":[{"href":"https:\/\/bsdrs.org\/index.php\/wp-json\/wp\/v2\/pages\/99","targetHints":{"allow":["GET"]}}],"collection":[{"href":"https:\/\/bsdrs.org\/index.php\/wp-json\/wp\/v2\/pages"}],"about":[{"href":"https:\/\/bsdrs.org\/index.php\/wp-json\/wp\/v2\/types\/page"}],"author":[{"embeddable":true,"href":"https:\/\/bsdrs.org\/index.php\/wp-json\/wp\/v2\/users\/1"}],"replies":[{"embeddable":true,"href":"https:\/\/bsdrs.org\/index.php\/wp-json\/wp\/v2\/comments?post=99"}],"version-history":[{"count":2,"href":"https:\/\/bsdrs.org\/index.php\/wp-json\/wp\/v2\/pages\/99\/revisions"}],"predecessor-version":[{"id":331,"href":"https:\/\/bsdrs.org\/index.php\/wp-json\/wp\/v2\/pages\/99\/revisions\/331"}],"wp:attachment":[{"href":"https:\/\/bsdrs.org\/index.php\/wp-json\/wp\/v2\/media?parent=99"}],"curies":[{"name":"wp","href":"https:\/\/api.w.org\/{rel}","templated":true}]}}